{"id":2,"date":"2021-08-10T18:50:48","date_gmt":"2021-08-10T18:50:48","guid":{"rendered":"https:\/\/vogt-elektro.ch\/koivu\/?page_id=2"},"modified":"2022-01-25T09:50:31","modified_gmt":"2022-01-25T09:50:31","slug":"sample-page","status":"publish","type":"page","link":"https:\/\/joerg-kuechentechnik.ch\/","title":{"rendered":"J\u00f6rg K\u00fcchentechnik"},"content":{"rendered":"\t\t<div data-elementor-type=\"wp-page\" data-elementor-id=\"2\" class=\"elementor elementor-2\" data-elementor-settings=\"[]\">\n\t\t\t\t\t\t\t<div class=\"elementor-section-wrap\">\n\t\t\t\t\t\t\t<section class=\"elementor-section elementor-top-section elementor-element elementor-element-9c47433 elementor-section-boxed elementor-section-height-default elementor-section-height-default\" data-id=\"9c47433\" data-element_type=\"section\">\n\t\t\t\t\t\t<div class=\"elementor-container elementor-column-gap-default\">\n\t\t\t\t\t<div class=\"elementor-column elementor-col-50 elementor-top-column elementor-element elementor-element-50b3864\" data-id=\"50b3864\" data-element_type=\"column\">\n\t\t\t<div class=\"elementor-widget-wrap elementor-element-populated\">\n\t\t\t\t\t\t\t\t<div class=\"elementor-element elementor-element-0e1af83 elementor-hidden-desktop elementor-hidden-tablet elementor-hidden-mobile elementor-widget elementor-widget-heading\" data-id=\"0e1af83\" data-element_type=\"widget\" data-widget_type=\"heading.default\">\n\t\t\t\t<div class=\"elementor-widget-container\">\n\t\t\t<style>\/*! elementor - v3.5.4 - 23-01-2022 *\/\n.elementor-heading-title{padding:0;margin:0;line-height:1}.elementor-widget-heading .elementor-heading-title[class*=elementor-size-]>a{color:inherit;font-size:inherit;line-height:inherit}.elementor-widget-heading .elementor-heading-title.elementor-size-small{font-size:15px}.elementor-widget-heading .elementor-heading-title.elementor-size-medium{font-size:19px}.elementor-widget-heading .elementor-heading-title.elementor-size-large{font-size:29px}.elementor-widget-heading .elementor-heading-title.elementor-size-xl{font-size:39px}.elementor-widget-heading .elementor-heading-title.elementor-size-xxl{font-size:59px}<\/style><h1 class=\"elementor-heading-title elementor-size-default\">j\u00f6rg <br>k\u00fcchentechnik<\/h1>\t\t<\/div>\n\t\t\t\t<\/div>\n\t\t\t\t<div class=\"elementor-element elementor-element-5571cf1 elementor-widget elementor-widget-text-editor\" data-id=\"5571cf1\" data-element_type=\"widget\" data-widget_type=\"text-editor.default\">\n\t\t\t\t<div class=\"elementor-widget-container\">\n\t\t\t<style>\/*! elementor - v3.5.4 - 23-01-2022 *\/\n.elementor-widget-text-editor.elementor-drop-cap-view-stacked .elementor-drop-cap{background-color:#818a91;color:#fff}.elementor-widget-text-editor.elementor-drop-cap-view-framed .elementor-drop-cap{color:#818a91;border:3px solid;background-color:transparent}.elementor-widget-text-editor:not(.elementor-drop-cap-view-default) .elementor-drop-cap{margin-top:8px}.elementor-widget-text-editor:not(.elementor-drop-cap-view-default) .elementor-drop-cap-letter{width:1em;height:1em}.elementor-widget-text-editor .elementor-drop-cap{float:left;text-align:center;line-height:1;font-size:50px}.elementor-widget-text-editor .elementor-drop-cap-letter{display:inline-block}<\/style>\t\t\t\t<p>Ihr Partner f\u00fcr K\u00fcchenger\u00e4te in Oberhofen K\u00fcchen und Haushaltger\u00e4te mit Leidenschaft. Seit \u00fcber 30 Jahren plant und realisiert die j\u00f6rg k\u00fcchentechnik ag ein optimales Umfeld f\u00fcr den kreativen Koch oder die kreative K\u00f6chin.<\/p>\n<p>Firmeninhaber Marcel J\u00f6rg betreut ihr K\u00fcchenprojekt von der Planung bis hin zur Realisation und \u00dcbergabe. Dabei ist es ihm ein Anliegen, auf die individuellen Kundenw\u00fcnsche einzugehen, so dass sich die K\u00f6chin oder der Koch in der neuen K\u00fcche wohl f\u00fchlt und lange Freude daran hat.&nbsp;<\/p>\n<p>Nebst dem K\u00fcchenbau, bietet die j\u00f6rg k\u00fcchentechnik ag auch eine grosse Anzahl von K\u00fcchen- und Haushaltger\u00e4ten an. Der Austausch einzelner Ger\u00e4te und deren Reparatur, geh\u00f6rt ebenfalls zum Kerngesch\u00e4ft.<\/p>\t\t\t\t\t\t<\/div>\n\t\t\t\t<\/div>\n\t\t\t\t\t<\/div>\n\t\t<\/div>\n\t\t\t\t<div class=\"elementor-column elementor-col-50 elementor-top-column elementor-element elementor-element-d881c62\" data-id=\"d881c62\" data-element_type=\"column\">\n\t\t\t<div class=\"elementor-widget-wrap elementor-element-populated\">\n\t\t\t\t\t\t\t\t<div class=\"elementor-element elementor-element-c9ab22a elementor-widget elementor-widget-image\" data-id=\"c9ab22a\" data-element_type=\"widget\" data-widget_type=\"image.default\">\n\t\t\t\t<div class=\"elementor-widget-container\">\n\t\t\t<style>\/*! elementor - v3.5.4 - 23-01-2022 *\/\n.elementor-widget-image{text-align:center}.elementor-widget-image a{display:inline-block}.elementor-widget-image a img[src$=\".svg\"]{width:48px}.elementor-widget-image img{vertical-align:middle;display:inline-block}<\/style>\t\t\t\t\t\t\t\t\t\t\t\t<img decoding=\"async\" src=\"https:\/\/joerg-kuechentechnik.ch\/wp-content\/uploads\/elementor\/thumbs\/bild1-pj999sj78zlt7796lrezvqflhb042vn6infj1degiw.jpg\" title=\"bild1\" alt=\"bild1\" class=\"elementor-animation-float\" \/>\t\t\t\t\t\t\t\t\t\t\t\t\t\t\t<\/div>\n\t\t\t\t<\/div>\n\t\t\t\t\t<\/div>\n\t\t<\/div>\n\t\t\t\t\t\t\t<\/div>\n\t\t<\/section>\n\t\t\t\t<section class=\"elementor-section elementor-top-section elementor-element elementor-element-3aa25c5 elementor-section-content-middle elementor-section-boxed elementor-section-height-default elementor-section-height-default\" data-id=\"3aa25c5\" data-element_type=\"section\">\n\t\t\t\t\t\t<div class=\"elementor-container elementor-column-gap-default\">\n\t\t\t\t\t<div class=\"elementor-column elementor-col-50 elementor-top-column elementor-element elementor-element-32ba627\" data-id=\"32ba627\" data-element_type=\"column\">\n\t\t\t<div class=\"elementor-widget-wrap elementor-element-populated\">\n\t\t\t\t\t\t\t\t<div class=\"elementor-element elementor-element-464f351 elementor-hidden-desktop elementor-hidden-tablet elementor-widget elementor-widget-text-editor\" data-id=\"464f351\" data-element_type=\"widget\" data-widget_type=\"text-editor.default\">\n\t\t\t\t<div class=\"elementor-widget-container\">\n\t\t\t\t\t\t\t<p><span class=\"rteStyle2\">Marcel J\u00f6rg<\/span><\/p><p><span class=\"rteStyle2\"><a href=\"https:\/\/goo.gl\/maps\/sXpmfmxg1YDqo8pSA\">Staatsstrasse 27B<\/a><\/span><\/p><p><span class=\"rteStyle2\"><a href=\"https:\/\/goo.gl\/maps\/sXpmfmxg1YDqo8pSA\">CH 3653 Oberhofen<\/a><\/span><\/p><p><a href=\"tel:0332432200\"><span class=\"rteStyle2\">033 243 22 00 <\/span><\/a><\/p><p><span class=\"rteStyle2\"><a href=\"mailto:info@joerg-kuechentechnik.ch\">info@joerg-kuechentechnik.ch<\/a><\/span><\/p>\t\t\t\t\t\t<\/div>\n\t\t\t\t<\/div>\n\t\t\t\t<div class=\"elementor-element elementor-element-5378e77 elementor-widget elementor-widget-google_maps\" data-id=\"5378e77\" data-element_type=\"widget\" data-widget_type=\"google_maps.default\">\n\t\t\t\t<div class=\"elementor-widget-container\">\n\t\t\t<style>\/*! elementor - v3.5.4 - 23-01-2022 *\/\n.elementor-widget-google_maps .elementor-widget-container{overflow:hidden}.elementor-widget-google_maps iframe{height:300px}<\/style>\t\t<div class=\"elementor-custom-embed\">\n\t\t\t<iframe frameborder=\"0\" scrolling=\"no\" marginheight=\"0\" marginwidth=\"0\"\n\t\t\t\t\tsrc=\"https:\/\/maps.google.com\/maps?q=Staatsstrasse%2027B%2C%203653%20Oberhofen&#038;t=m&#038;z=13&#038;output=embed&#038;iwloc=near\"\n\t\t\t\t\ttitle=\"Staatsstrasse 27B, 3653 Oberhofen\"\n\t\t\t\t\taria-label=\"Staatsstrasse 27B, 3653 Oberhofen\"\n\t\t\t><\/iframe>\n\t\t<\/div>\n\t\t\t\t<\/div>\n\t\t\t\t<\/div>\n\t\t\t\t\t<\/div>\n\t\t<\/div>\n\t\t\t\t<div class=\"elementor-column elementor-col-50 elementor-top-column elementor-element elementor-element-99e6df2\" data-id=\"99e6df2\" data-element_type=\"column\">\n\t\t\t<div class=\"elementor-widget-wrap elementor-element-populated\">\n\t\t\t\t\t\t\t\t<div class=\"elementor-element elementor-element-a27fd81 elementor-hidden-mobile elementor-widget elementor-widget-text-editor\" data-id=\"a27fd81\" data-element_type=\"widget\" data-widget_type=\"text-editor.default\">\n\t\t\t\t<div class=\"elementor-widget-container\">\n\t\t\t\t\t\t\t<p><span class=\"rteStyle2\">Marcel J\u00f6rg<\/span><\/p><p><span class=\"rteStyle2\"><a href=\"https:\/\/goo.gl\/maps\/sXpmfmxg1YDqo8pSA\">Staatsstrasse 27B<\/a><\/span><\/p><p><span class=\"rteStyle2\"><a href=\"https:\/\/goo.gl\/maps\/sXpmfmxg1YDqo8pSA\">CH 3653 Oberhofen<\/a><\/span><\/p><p><a href=\"tel:0332432200\"><span class=\"rteStyle2\">033 243 22 00 <\/span><\/a><\/p><p><span class=\"rteStyle2\"><a href=\"mailto:info@joerg-kuechentechnik.ch\">info@joerg-kuechentechnik.ch<\/a><\/span><\/p>\t\t\t\t\t\t<\/div>\n\t\t\t\t<\/div>\n\t\t\t\t\t<\/div>\n\t\t<\/div>\n\t\t\t\t\t\t\t<\/div>\n\t\t<\/section>\n\t\t\t\t\t\t<\/div>\n\t\t\t\t\t<\/div>\n\t\t","protected":false},"excerpt":{"rendered":"<p>j\u00f6rg k\u00fcchentechnik Ihr Partner f\u00fcr K\u00fcchenger\u00e4te in Oberhofen K\u00fcchen und Haushaltger\u00e4te mit Leidenschaft. Seit \u00fcber 30 Jahren plant und realisiert die j\u00f6rg k\u00fcchentechnik ag ein optimales Umfeld f\u00fcr den kreativen Koch oder die kreative K\u00f6chin. Firmeninhaber Marcel J\u00f6rg betreut ihr K\u00fcchenprojekt von der Planung bis hin zur Realisation und \u00dcbergabe. Dabei ist es ihm ein [&hellip;]<\/p>\n","protected":false},"author":1,"featured_media":0,"parent":0,"menu_order":0,"comment_status":"closed","ping_status":"open","template":"elementor_header_footer","meta":{"footnotes":""},"class_list":["post-2","page","type-page","status-publish","hentry"],"_links":{"self":[{"href":"https:\/\/joerg-kuechentechnik.ch\/index.php\/wp-json\/wp\/v2\/pages\/2","targetHints":{"allow":["GET"]}}],"collection":[{"href":"https:\/\/joerg-kuechentechnik.ch\/index.php\/wp-json\/wp\/v2\/pages"}],"about":[{"href":"https:\/\/joerg-kuechentechnik.ch\/index.php\/wp-json\/wp\/v2\/types\/page"}],"author":[{"embeddable":true,"href":"https:\/\/joerg-kuechentechnik.ch\/index.php\/wp-json\/wp\/v2\/users\/1"}],"replies":[{"embeddable":true,"href":"https:\/\/joerg-kuechentechnik.ch\/index.php\/wp-json\/wp\/v2\/comments?post=2"}],"version-history":[{"count":69,"href":"https:\/\/joerg-kuechentechnik.ch\/index.php\/wp-json\/wp\/v2\/pages\/2\/revisions"}],"predecessor-version":[{"id":135,"href":"https:\/\/joerg-kuechentechnik.ch\/index.php\/wp-json\/wp\/v2\/pages\/2\/revisions\/135"}],"wp:attachment":[{"href":"https:\/\/joerg-kuechentechnik.ch\/index.php\/wp-json\/wp\/v2\/media?parent=2"}],"curies":[{"name":"wp","href":"https:\/\/api.w.org\/{rel}","templated":true}]}}